{"id":20,"date":"2022-04-10T21:37:00","date_gmt":"2022-04-10T19:37:00","guid":{"rendered":"https:\/\/www.jjteam.sk\/?page_id=20"},"modified":"2026-03-30T20:34:26","modified_gmt":"2026-03-30T18:34:26","slug":"letny-lezecky-camp-kalamarka-2024-22-28-7-2024","status":"publish","type":"page","link":"https:\/\/www.jjteam.sk\/?page_id=20","title":{"rendered":"Letn\u00fd lezeck\u00fd camp Kalam\u00e1rka 2026, 20-26.7.2026"},"content":{"rendered":"\n<div class=\"wp-block-columns\">\n<div class=\"wp-block-column\"><\/div>\n\n\n\n<div class=\"wp-block-column\">\n<p class=\"has-text-align-center\"><font style=\"vertical-align: inherit;\"><font style=\"vertical-align: inherit;\">16\/18 logged in<\/font><\/font><\/p>\n\n\n\n<p class=\"has-text-align-center\">Prihlasovanie je  spusten\u00e9<\/p>\n<\/div>\n\n\n\n<div class=\"wp-block-column\"><\/div>\n<\/div>\n\n\n\n<figure class=\"wp-block-gallery alignwide has-nested-images columns-default is-cropped\">\n<figure class=\"wp-block-image size-large\"><img loading=\"lazy\" width=\"724\" height=\"1024\" data-id=\"349\"  src=\"https:\/\/www.jjteam.sk\/wp-content\/uploads\/2026\/03\/letny-lezecky-camp-Kalamarka-2026-724x1024.jpg\" alt=\"\" class=\"wp-image-349\" srcset=\"https:\/\/www.jjteam.sk\/wp-content\/uploads\/2026\/03\/letny-lezecky-camp-Kalamarka-2026-724x1024.jpg 724w, https:\/\/www.jjteam.sk\/wp-content\/uploads\/2026\/03\/letny-lezecky-camp-Kalamarka-2026-212x300.jpg 212w, https:\/\/www.jjteam.sk\/wp-content\/uploads\/2026\/03\/letny-lezecky-camp-Kalamarka-2026-768x1086.jpg 768w, https:\/\/www.jjteam.sk\/wp-content\/uploads\/2026\/03\/letny-lezecky-camp-Kalamarka-2026-1086x1536.jpg 1086w, https:\/\/www.jjteam.sk\/wp-content\/uploads\/2026\/03\/letny-lezecky-camp-Kalamarka-2026-1448x2048.jpg 1448w, https:\/\/www.jjteam.sk\/wp-content\/uploads\/2026\/03\/letny-lezecky-camp-Kalamarka-2026-scaled.jpg 1810w\" sizes=\"(max-width: 724px) 100vw, 724px\" \/><\/figure>\n<\/figure>\n\n\n\n<div class=\"forminator-guttenberg\"><form id=\"forminator-module-27\" class=\"forminator-custom-form forminator-custom-form-27\" action=\"\" method=\"post\" data-forminator-render=\"0\"><div class=\"forminator-response-message forminator-error\" aria-hidden=\"true\"><\/div><\/form><\/div>\n","protected":false},"excerpt":{"rendered":"<p>16\/18 logged in Prihlasovanie je spusten\u00e9<\/p>\n","protected":false},"author":1,"featured_media":0,"parent":0,"menu_order":0,"comment_status":"closed","ping_status":"closed","template":"wp-custom-template-formulare","meta":{"_monsterinsights_skip_tracking":false,"_monsterinsights_sitenote_active":false,"_monsterinsights_sitenote_note":"","_monsterinsights_sitenote_category":0},"yoast_head":"<!-- This site is optimized with the Yoast SEO plugin v18.5.1 - https:\/\/yoast.com\/wordpress\/plugins\/seo\/ -->\n<title>Letn\u00fd lezeck\u00fd camp Kalam\u00e1rka 2026, 20-26.7.2026 - James Junior Team<\/title>\n<meta name=\"robots\" content=\"index, follow, max-snippet:-1, max-image-preview:large, max-video-preview:-1\" \/>\n<link rel=\"canonical\" href=\"https:\/\/www.jjteam.sk\/?page_id=20\" \/>\n<meta property=\"og:locale\" content=\"sk_SK\" \/>\n<meta property=\"og:type\" content=\"article\" \/>\n<meta property=\"og:title\" content=\"Letn\u00fd lezeck\u00fd camp Kalam\u00e1rka 2026, 20-26.7.2026 - James Junior Team\" \/>\n<meta property=\"og:description\" content=\"16\/18 logged in Prihlasovanie je spusten\u00e9\" \/>\n<meta property=\"og:url\" content=\"https:\/\/www.jjteam.sk\/?page_id=20\" \/>\n<meta property=\"og:site_name\" content=\"James Junior Team\" \/>\n<meta property=\"article:modified_time\" content=\"2026-03-30T18:34:26+00:00\" \/>\n<meta property=\"og:image\" content=\"https:\/\/www.jjteam.sk\/wp-content\/uploads\/2026\/03\/letny-lezecky-camp-Kalamarka-2026-724x1024.jpg\" \/>\n<meta name=\"twitter:card\" content=\"summary_large_image\" \/>\n<meta name=\"twitter:label1\" content=\"Predpokladan\u00fd \u010das \u010d\u00edtania\" \/>\n\t<meta name=\"twitter:data1\" content=\"1 min\u00fata\" \/>\n<script type=\"application\/ld+json\" class=\"yoast-schema-graph\">{\"@context\":\"https:\/\/schema.org\",\"@graph\":[{\"@type\":\"WebSite\",\"@id\":\"https:\/\/www.jjteam.sk\/#website\",\"url\":\"https:\/\/www.jjteam.sk\/\",\"name\":\"James Junior Team\",\"description\":\"\",\"potentialAction\":[{\"@type\":\"SearchAction\",\"target\":{\"@type\":\"EntryPoint\",\"urlTemplate\":\"https:\/\/www.jjteam.sk\/?s={search_term_string}\"},\"query-input\":\"required name=search_term_string\"}],\"inLanguage\":\"sk-SK\"},{\"@type\":\"ImageObject\",\"@id\":\"https:\/\/www.jjteam.sk\/?page_id=20#primaryimage\",\"inLanguage\":\"sk-SK\",\"url\":\"https:\/\/www.jjteam.sk\/wp-content\/uploads\/2026\/03\/letny-lezecky-camp-Kalamarka-2026-scaled.jpg\",\"contentUrl\":\"https:\/\/www.jjteam.sk\/wp-content\/uploads\/2026\/03\/letny-lezecky-camp-Kalamarka-2026-scaled.jpg\",\"width\":1810,\"height\":2560},{\"@type\":\"WebPage\",\"@id\":\"https:\/\/www.jjteam.sk\/?page_id=20#webpage\",\"url\":\"https:\/\/www.jjteam.sk\/?page_id=20\",\"name\":\"Letn\u00fd lezeck\u00fd camp Kalam\u00e1rka 2026, 20-26.7.2026 - James Junior Team\",\"isPartOf\":{\"@id\":\"https:\/\/www.jjteam.sk\/#website\"},\"primaryImageOfPage\":{\"@id\":\"https:\/\/www.jjteam.sk\/?page_id=20#primaryimage\"},\"datePublished\":\"2022-04-10T19:37:00+00:00\",\"dateModified\":\"2026-03-30T18:34:26+00:00\",\"breadcrumb\":{\"@id\":\"https:\/\/www.jjteam.sk\/?page_id=20#breadcrumb\"},\"inLanguage\":\"sk-SK\",\"potentialAction\":[{\"@type\":\"ReadAction\",\"target\":[\"https:\/\/www.jjteam.sk\/?page_id=20\"]}]},{\"@type\":\"BreadcrumbList\",\"@id\":\"https:\/\/www.jjteam.sk\/?page_id=20#breadcrumb\",\"itemListElement\":[{\"@type\":\"ListItem\",\"position\":1,\"name\":\"Home\",\"item\":\"https:\/\/www.jjteam.sk\/\"},{\"@type\":\"ListItem\",\"position\":2,\"name\":\"Letn\u00fd lezeck\u00fd camp Kalam\u00e1rka 2026, 20-26.7.2026\"}]}]}<\/script>\n<!-- \/ Yoast SEO plugin. -->","yoast_head_json":{"title":"Letn\u00fd lezeck\u00fd camp Kalam\u00e1rka 2026, 20-26.7.2026 - James Junior Team","robots":{"index":"index","follow":"follow","max-snippet":"max-snippet:-1","max-image-preview":"max-image-preview:large","max-video-preview":"max-video-preview:-1"},"canonical":"https:\/\/www.jjteam.sk\/?page_id=20","og_locale":"sk_SK","og_type":"article","og_title":"Letn\u00fd lezeck\u00fd camp Kalam\u00e1rka 2026, 20-26.7.2026 - James Junior Team","og_description":"16\/18 logged in Prihlasovanie je spusten\u00e9","og_url":"https:\/\/www.jjteam.sk\/?page_id=20","og_site_name":"James Junior Team","article_modified_time":"2026-03-30T18:34:26+00:00","og_image":[{"url":"https:\/\/www.jjteam.sk\/wp-content\/uploads\/2026\/03\/letny-lezecky-camp-Kalamarka-2026-724x1024.jpg"}],"twitter_card":"summary_large_image","twitter_misc":{"Predpokladan\u00fd \u010das \u010d\u00edtania":"1 min\u00fata"},"schema":{"@context":"https:\/\/schema.org","@graph":[{"@type":"WebSite","@id":"https:\/\/www.jjteam.sk\/#website","url":"https:\/\/www.jjteam.sk\/","name":"James Junior Team","description":"","potentialAction":[{"@type":"SearchAction","target":{"@type":"EntryPoint","urlTemplate":"https:\/\/www.jjteam.sk\/?s={search_term_string}"},"query-input":"required name=search_term_string"}],"inLanguage":"sk-SK"},{"@type":"ImageObject","@id":"https:\/\/www.jjteam.sk\/?page_id=20#primaryimage","inLanguage":"sk-SK","url":"https:\/\/www.jjteam.sk\/wp-content\/uploads\/2026\/03\/letny-lezecky-camp-Kalamarka-2026-scaled.jpg","contentUrl":"https:\/\/www.jjteam.sk\/wp-content\/uploads\/2026\/03\/letny-lezecky-camp-Kalamarka-2026-scaled.jpg","width":1810,"height":2560},{"@type":"WebPage","@id":"https:\/\/www.jjteam.sk\/?page_id=20#webpage","url":"https:\/\/www.jjteam.sk\/?page_id=20","name":"Letn\u00fd lezeck\u00fd camp Kalam\u00e1rka 2026, 20-26.7.2026 - James Junior Team","isPartOf":{"@id":"https:\/\/www.jjteam.sk\/#website"},"primaryImageOfPage":{"@id":"https:\/\/www.jjteam.sk\/?page_id=20#primaryimage"},"datePublished":"2022-04-10T19:37:00+00:00","dateModified":"2026-03-30T18:34:26+00:00","breadcrumb":{"@id":"https:\/\/www.jjteam.sk\/?page_id=20#breadcrumb"},"inLanguage":"sk-SK","potentialAction":[{"@type":"ReadAction","target":["https:\/\/www.jjteam.sk\/?page_id=20"]}]},{"@type":"BreadcrumbList","@id":"https:\/\/www.jjteam.sk\/?page_id=20#breadcrumb","itemListElement":[{"@type":"ListItem","position":1,"name":"Home","item":"https:\/\/www.jjteam.sk\/"},{"@type":"ListItem","position":2,"name":"Letn\u00fd lezeck\u00fd camp Kalam\u00e1rka 2026, 20-26.7.2026"}]}]}},"_links":{"self":[{"href":"https:\/\/www.jjteam.sk\/index.php?rest_route=\/wp\/v2\/pages\/20"}],"collection":[{"href":"https:\/\/www.jjteam.sk\/index.php?rest_route=\/wp\/v2\/pages"}],"about":[{"href":"https:\/\/www.jjteam.sk\/index.php?rest_route=\/wp\/v2\/types\/page"}],"author":[{"embeddable":true,"href":"https:\/\/www.jjteam.sk\/index.php?rest_route=\/wp\/v2\/users\/1"}],"replies":[{"embeddable":true,"href":"https:\/\/www.jjteam.sk\/index.php?rest_route=%2Fwp%2Fv2%2Fcomments&post=20"}],"version-history":[{"count":6,"href":"https:\/\/www.jjteam.sk\/index.php?rest_route=\/wp\/v2\/pages\/20\/revisions"}],"predecessor-version":[{"id":352,"href":"https:\/\/www.jjteam.sk\/index.php?rest_route=\/wp\/v2\/pages\/20\/revisions\/352"}],"wp:attachment":[{"href":"https:\/\/www.jjteam.sk\/index.php?rest_route=%2Fwp%2Fv2%2Fmedia&parent=20"}],"curies":[{"name":"wp","href":"https:\/\/api.w.org\/{rel}","templated":true}]}}